108520.
2, 5, 263, 1151
What are the prime factors of 3114770?
2, 5, 41, 71, 107
What are the prime factors of 794748?
2, 3, 103, 643
List the prime factors of 586938.
2, 3, 11, 8893
List the prime factors of 311181.
3, 13, 79, 101
List the prime factors of 286290.
2, 3, 5, 3181
List the prime factors of 2591790.
2, 3, 5, 19, 4547
List the prime factors of 1274450.
2, 5, 71, 359
What are the prime factors of 7054498?
2, 11, 320659
List the prime factors of 13877963.
11, 137, 9209
List the prime factors of 554158.
2, 11, 25189
List the prime factors of 206046.
2, 3, 11447
What are the prime factors of 233374?
2, 116687
What are the prime factors of 1564203?
3, 521401
List the prime factors of 1440246.
2, 3, 240041
List the prime factors of 420412.
2, 61, 1723
What are the prime factors of 4857645?
3, 5, 13, 29, 859
What are the prime factors of 1502882?
2, 487, 1543
What are the prime factors of 8152178?
2, 19, 214531
List the prime factors of 636915.
3, 5, 42461
List the prime factors of 219053.
219053
What are the prime factors of 356303?
17, 20959
What are the prime factors of 1950926?
2, 975463
What are the prime factors of 729913?
729913
List the prime factors of 1444421.
11, 131311
List the prime factors of 17106.
2, 3, 2851
What are the prime factors of 52162?
2, 11, 2371
What are the prime factors of 1162264?
2, 145283
List the prime factors of 850411.
43, 19777
List the prime factors of 5617077.
3, 1201, 1559
What are the prime factors of 1047200?
2, 5, 7, 11, 17
List the prime factors of 2387701.
17, 140453
What are the prime factors of 740166?
2, 3, 7, 17623
List the prime factors of 44596.
2, 11149
List the prime factors of 8719745.
5, 401, 4349
What are the prime factors of 26994331?
7, 13, 29, 53, 193
List the prime factors of 70836.
2, 3, 5903
What are the prime factors of 2268842?
2, 1134421
What are the prime factors of 202546?
2, 101273
List the prime factors of 291061.
19, 15319
What are the prime factors of 906391?
906391
What are the prime factors of 192066?
2, 3, 7, 17, 269
What are the prime factors of 10225714?
2, 53, 96469
List the prime factors of 2574352.
2, 11, 14627
List the prime factors of 12731752.
2, 11, 149, 971
List the prime factors of 22765267.
7, 359, 9059
What are the prime factors of 238982?
2, 19, 331
What are the prime factors of 6573416?
2, 821677
List the prime factors of 169068.
2, 3, 73, 193
What are the prime factors of 2845847?
167, 17041
List the prime factors of 14012774.
2, 1429, 4903
List the prime factors of 495050.
2, 5, 9901
List the prime factors of 3113884.
2, 179, 4349
List the prime factors of 3868907.
7, 439, 1259
What are the prime factors of 411364?
2, 102841
List the prime factors of 4400075.
5, 73, 2411
What are the prime factors of 12281525?
5, 491261
List the prime factors of 148106.
2, 7, 71, 149
List the prime factors of 1119497.
701, 1597
List the prime factors of 2131215.
3, 5, 47, 3023
What are the prime factors of 229714?
2, 331, 347
List the prime factors of 1884251.
349, 5399
What are the prime factors of 236341?
7, 19, 1777
What are the prime factors of 10123933?
23, 440171
List the prime factors of 799763.
167, 4789
List the prime factors of 305647.
23, 97, 137
What are the prime factors of 9122902?
2, 229, 19919
What are the prime factors of 22516007?
17, 19, 69709
What are the prime factors of 522311?
47, 11113
List the prime factors of 8287199.
23, 31, 59, 197
What are the prime factors of 542079?
3, 17, 1181
What are the prime factors of 3979312?
2, 248707
What are the prime factors of 12565182?
2, 3, 7, 299171
List the prime factors of 287257.
287257
What are the prime factors of 185957?
185957
List the prime factors of 2387440.
2, 5, 11, 2713
List the prime factors of 770808.
2, 3, 32117
What are the prime factors of 12832?
2, 401
What are the prime factors of 43713?
3, 1619
What are the prime factors of 1254244?
2, 313561
What are the prime factors of 4672878?
2, 3, 7, 31, 37, 97
List the prime factors of 15643.
15643
What are the prime factors of 98768?
2, 6173
List the prime factors of 822809.
13, 167, 379
What are the prime factors of 14377143?
3, 11, 191, 2281
What are the prime factors of 10970307?
3, 1218923
What are the prime factors of 38792?
2, 13, 373
What are the prime factors of 199085?
5, 29, 1373
What are the prime factors of 5684668?
2, 11, 129197
List the prime factors of 1874267.
17, 110251
List the prime factors of 5731842.
2, 3, 955307
List the prime factors of 269704.
2, 33713
What are the prime factors of 1700709?
3, 19, 29837
What are the prime factors of 687909?
3, 29, 7907
What are the prime factors of 27075089?
197, 137437
List the prime factors of 7573498.
2, 3786749
List the prime factors of 102250.
2, 5, 409
List the prime factors of 11954538.
2, 3, 664141
List the prime factors of 154041.
3, 51347
List the prime factors of 1252487.
37, 33851
List the prime factors of 11204487.
3, 7, 941
List the prime factors of 24623619.
3, 8207873
List the prime factors of 1228417.
953, 1289
List the prime factors of 149037.
3, 7, 47, 151
What are the prime factors of 603680?
2, 5, 7, 11
What are the prime factors of 5428844?
2, 31, 43781
List the prime factors of 1398277.
823, 1699
List the prime factors of 249534.
2, 3, 4621
List the prime factors of 469976.
2, 13, 4519
List the prime factors of 13690462.
2, 6845231
What are the prime factors of 9035261?
349, 25889
List the prime factors of 924672.
2, 3, 7, 43
List the prime factors of 857838.
2, 3, 142973
What are the prime factors of 3743604?
2, 3, 17, 2039
What are the prime factors of 1111434?
2, 3, 71, 2609
What are the prime factors of 54858?
2, 3, 41, 223
What are the prime factors of 4657005?
3, 5, 37, 2797
What are the prime factors of 449538?
2, 3, 74923
What are the prime factors of 13275500?
2, 5, 7, 3793
List the prime factors of 27006625.
5, 17, 71, 179
List the prime factors of 571184.
2, 29, 1231
List the prime factors of 12683453.
12683453
What are the prime factors of 4661393?
11, 423763
What are the prime factors of 1516545?
3, 5, 67, 503
List the prime factors of 293902.
2, 7, 2999
What are the prime factors of 7296?
2, 3, 19
What are the prime factors of 2742288?
2, 3, 57131
What are the prime factors of 600556?
2, 11, 13649
List the prime factors of 2157719.
719, 3001
List the prime factors of 6429544.
2, 11, 73063
List the prime factors of 1876469.
7, 67, 4001
List the prime factors of 13150024.
2, 79, 20807
What are the prime factors of 2217540?
2, 3, 5, 13, 2843
List the prime factors of 1334285.
5, 59, 4523
List the prime factors of 12629978.
2, 1979, 3191
List the prime factors of 2522285.
5, 504457
List the prime factors of 5877687.
3, 127, 15427
What are the prime factors of 826966?
2, 7, 59069
What are the prime factors of 144108?
2, 3, 4003
What are the prime factors of 12499825?
5, 13, 38461
What are the prime factors of 184407?
3, 61469
List the prime factors of 1343387.
1343387
What are the prime factors of 606946?
2, 303473
What are the prime factors of 76652?
2, 19163
What are the prime factors of 222308?
2, 149, 373
List the prime factors of 2264545.
5, 71, 6379
List the prime factors of 334716.
2, 3, 27893
What are the prime factors of 3250096?
2, 71, 2861
What are the prime factors of 4169708?
2, 1042427
List the prime factors of 14885769.
3, 61, 81343
What are the prime factors of 3308431?
7, 251, 269
List the prime factors of 24934277.
23, 71, 15269
List the prime factors of 7711507.
103, 74869
List the prime factors of 715230.
2, 3, 5, 883
What are the prime factors of 1096124?
2, 89, 3079
List the prime factors of 28512776.
2, 3564097
List the prime factors of 998155.
5, 17, 11743
What are the prime factors of 841872?
2, 3, 17539
List the prime factors of 179891.
59, 3049
What are the prime factors of 1287672?
2, 3, 53653
What are the prime factors of 245740?
2, 5, 11, 1117
What are the prime factors of 1861312?
2, 127, 229
List the prime factors of 508913.
508913
List the prime factors of 1047097.
1047097
What are the prime factors of 16057336?
2, 431, 4657
What are the prime factors of 2396011?
257, 9323
List the prime factors of 67739.
7, 9677
List the prime factors of 603354.
2, 3, 100559
List the prime factors of 16620.
2, 3, 5, 277
What are the